{"id":435,"date":"2023-10-31T18:10:44","date_gmt":"2023-10-31T18:10:44","guid":{"rendered":"https:\/\/inmobiliariadelarua.com\/?page_id=435"},"modified":"2024-10-01T00:53:53","modified_gmt":"2024-09-30T22:53:53","slug":"alquiler","status":"publish","type":"page","link":"https:\/\/inmobiliariadelarua.com\/en\/alquiler\/","title":{"rendered":"Alquiler"},"content":{"rendered":"<div data-elementor-type=\"wp-page\" data-elementor-id=\"435\" class=\"elementor elementor-435\" data-elementor-post-type=\"page\">\n\t\t\t\t<div class=\"elementor-element elementor-element-1d9085d e-flex e-con-boxed e-con e-parent\" data-id=\"1d9085d\" data-element_type=\"container\">\n\t\t\t\t\t<div class=\"e-con-inner\">\n\t\t\t\t<div class=\"elementor-element elementor-element-381207e elementor-widget elementor-widget-text-editor\" data-id=\"381207e\" data-element_type=\"widget\" data-widget_type=\"text-editor.default\">\n\t\t\t\t<div class=\"elementor-widget-container\">\n\t\t\t\t\t\t\t\t\t<p>    <form class=\"idealista-search\" method=\"get\" action=\"https:\/\/inmobiliariadelarua.com\/en\/alquiler\/\" data-trp-original-action=\"https:\/\/inmobiliariadelarua.com\/en\/alquiler\/\">\r\n        <div class=\"idealista-search-grid\">\r\n            <div>\r\n                <label>Zona<\/label>\r\n                <input type=\"text\" name=\"zona\" value=\"\" placeholder=\"Ej: El Cristo, Tejera, Palencia...\">\r\n            <\/div>\r\n            <div>\r\n                <label>Precio m\u00edn.<\/label>\r\n                <input type=\"number\" name=\"pmin\" value=\"\" placeholder=\"0\">\r\n            <\/div>\r\n            <div>\r\n                <label>Precio m\u00e1x.<\/label>\r\n                <input type=\"number\" name=\"pmax\" value=\"\" placeholder=\"1500\">\r\n            <\/div>\r\n            <div>\r\n                <label>Habitaciones (m\u00edn.)<\/label>\r\n                <input type=\"number\" name=\"hab\" value=\"\" placeholder=\"1\">\r\n            <\/div>\r\n\r\n            <div class=\"idealista-search-actions\">\r\n                <button type=\"submit\">Buscar<\/button>\r\n                <a class=\"idealista-search-reset\" href=\"https:\/\/inmobiliariadelarua.com\/en\/alquiler\/\">Limpiar<\/a>\r\n            <\/div>\r\n        <\/div>\r\n    <input type=\"hidden\" name=\"trp-form-language\" value=\"en\"\/><\/form>\r\n    <\/p>\t\t\t\t\t\t\t\t<\/div>\n\t\t\t\t<\/div>\n\t\t\t\t\t<\/div>\n\t\t\t\t<\/div>\n\t\t<div class=\"elementor-element elementor-element-79ca712 e-flex e-con-boxed e-con e-parent\" data-id=\"79ca712\" data-element_type=\"container\">\n\t\t\t\t\t<div class=\"e-con-inner\">\n\t\t\t\t<div class=\"elementor-element elementor-element-517874e elementor-widget elementor-widget-text-editor\" data-id=\"517874e\" data-element_type=\"widget\" data-widget_type=\"text-editor.default\">\n\t\t\t\t<div class=\"elementor-widget-container\">\n\t\t\t\t\t\t\t\t\t<p><p>No se pudo cargar el XML de Idealista.<\/p><\/p>\t\t\t\t\t\t\t\t<\/div>\n\t\t\t\t<\/div>\n\t\t\t\t\t<\/div>\n\t\t\t\t<\/div>\n\t\t\t\t<\/div>","protected":false},"excerpt":{"rendered":"","protected":false},"author":1,"featured_media":0,"parent":0,"menu_order":0,"comment_status":"closed","ping_status":"closed","template":"","meta":{"footnotes":""},"class_list":["post-435","page","type-page","status-publish","hentry"],"yoast_head":"<!-- This site is optimized with the Yoast SEO plugin v27.5 - https:\/\/yoast.com\/product\/yoast-seo-wordpress\/ -->\n<title>Alquiler - Inmobiliaria de la Rua<\/title>\n<meta name=\"description\" content=\"Nos encargamos de todos los aspectos necesarios para que la compraventa de tu propiedad sea un \u00e9xito. Nuestro compromiso va m\u00e1s all\u00e1 de simplemente intermediar; tambi\u00e9n nos ocupamos de las tramitaciones legales y comerciales, agilizando todos los tr\u00e1mites para hacer el proceso lo m\u00e1s f\u00e1cil posible para ambas partes. Inmobiliaria en Palencia\" \/>\n<meta name=\"robots\" content=\"index, follow, max-snippet:-1, max-image-preview:large, max-video-preview:-1\" \/>\n<link rel=\"canonical\" href=\"https:\/\/inmobiliariadelarua.com\/en\/alquiler\/\" \/>\n<meta property=\"og:locale\" content=\"en_GB\" \/>\n<meta property=\"og:type\" content=\"article\" \/>\n<meta property=\"og:title\" content=\"Alquiler - Inmobiliaria de la Rua\" \/>\n<meta property=\"og:description\" content=\"Nos encargamos de todos los aspectos necesarios para que la compraventa de tu propiedad sea un \u00e9xito. Nuestro compromiso va m\u00e1s all\u00e1 de simplemente intermediar; tambi\u00e9n nos ocupamos de las tramitaciones legales y comerciales, agilizando todos los tr\u00e1mites para hacer el proceso lo m\u00e1s f\u00e1cil posible para ambas partes. Inmobiliaria en Palencia\" \/>\n<meta property=\"og:url\" content=\"https:\/\/inmobiliariadelarua.com\/en\/alquiler\/\" \/>\n<meta property=\"og:site_name\" content=\"Inmobiliaria de la Rua\" \/>\n<meta property=\"article:modified_time\" content=\"2024-09-30T22:53:53+00:00\" \/>\n<meta name=\"twitter:card\" content=\"summary_large_image\" \/>\n<meta name=\"twitter:label1\" content=\"Estimated reading time\" \/>\n\t<meta name=\"twitter:data1\" content=\"1 minute\" \/>\n<script type=\"application\/ld+json\" class=\"yoast-schema-graph\">{\"@context\":\"https:\\\/\\\/schema.org\",\"@graph\":[{\"@type\":\"WebPage\",\"@id\":\"https:\\\/\\\/inmobiliariadelarua.com\\\/alquiler\\\/\",\"url\":\"https:\\\/\\\/inmobiliariadelarua.com\\\/alquiler\\\/\",\"name\":\"Alquiler - Inmobiliaria de la Rua\",\"isPartOf\":{\"@id\":\"https:\\\/\\\/inmobiliariadelarua.com\\\/#website\"},\"datePublished\":\"2023-10-31T18:10:44+00:00\",\"dateModified\":\"2024-09-30T22:53:53+00:00\",\"description\":\"Nos encargamos de todos los aspectos necesarios para que la compraventa de tu propiedad sea un \u00e9xito. Nuestro compromiso va m\u00e1s all\u00e1 de simplemente intermediar; tambi\u00e9n nos ocupamos de las tramitaciones legales y comerciales, agilizando todos los tr\u00e1mites para hacer el proceso lo m\u00e1s f\u00e1cil posible para ambas partes. Inmobiliaria en Palencia\",\"breadcrumb\":{\"@id\":\"https:\\\/\\\/inmobiliariadelarua.com\\\/alquiler\\\/#breadcrumb\"},\"inLanguage\":\"en-GB\",\"potentialAction\":[{\"@type\":\"ReadAction\",\"target\":[\"https:\\\/\\\/inmobiliariadelarua.com\\\/alquiler\\\/\"]}]},{\"@type\":\"BreadcrumbList\",\"@id\":\"https:\\\/\\\/inmobiliariadelarua.com\\\/alquiler\\\/#breadcrumb\",\"itemListElement\":[{\"@type\":\"ListItem\",\"position\":1,\"name\":\"Portada\",\"item\":\"https:\\\/\\\/inmobiliariadelarua.com\\\/\"},{\"@type\":\"ListItem\",\"position\":2,\"name\":\"Alquiler\"}]},{\"@type\":\"WebSite\",\"@id\":\"https:\\\/\\\/inmobiliariadelarua.com\\\/#website\",\"url\":\"https:\\\/\\\/inmobiliariadelarua.com\\\/\",\"name\":\"Inmobiliaria de la Rua\",\"description\":\"Gesti\u00f3n Inmobiliaria\",\"publisher\":{\"@id\":\"https:\\\/\\\/inmobiliariadelarua.com\\\/#organization\"},\"potentialAction\":[{\"@type\":\"SearchAction\",\"target\":{\"@type\":\"EntryPoint\",\"urlTemplate\":\"https:\\\/\\\/inmobiliariadelarua.com\\\/?s={search_term_string}\"},\"query-input\":{\"@type\":\"PropertyValueSpecification\",\"valueRequired\":true,\"valueName\":\"search_term_string\"}}],\"inLanguage\":\"en-GB\"},{\"@type\":\"Organization\",\"@id\":\"https:\\\/\\\/inmobiliariadelarua.com\\\/#organization\",\"name\":\"Inmobiliaria de la Rua\",\"url\":\"https:\\\/\\\/inmobiliariadelarua.com\\\/\",\"logo\":{\"@type\":\"ImageObject\",\"inLanguage\":\"en-GB\",\"@id\":\"https:\\\/\\\/inmobiliariadelarua.com\\\/#\\\/schema\\\/logo\\\/image\\\/\",\"url\":\"https:\\\/\\\/inmobiliariadelarua.com\\\/wp-content\\\/uploads\\\/2023\\\/10\\\/cropped-logo_512x512_sin-fondo.png\",\"contentUrl\":\"https:\\\/\\\/inmobiliariadelarua.com\\\/wp-content\\\/uploads\\\/2023\\\/10\\\/cropped-logo_512x512_sin-fondo.png\",\"width\":512,\"height\":512,\"caption\":\"Inmobiliaria de la Rua\"},\"image\":{\"@id\":\"https:\\\/\\\/inmobiliariadelarua.com\\\/#\\\/schema\\\/logo\\\/image\\\/\"}}]}<\/script>\n<!-- \/ Yoast SEO plugin. -->","yoast_head_json":{"title":"Alquiler - Inmobiliaria de la Rua","description":"Nos encargamos de todos los aspectos necesarios para que la compraventa de tu propiedad sea un \u00e9xito. Nuestro compromiso va m\u00e1s all\u00e1 de simplemente intermediar; tambi\u00e9n nos ocupamos de las tramitaciones legales y comerciales, agilizando todos los tr\u00e1mites para hacer el proceso lo m\u00e1s f\u00e1cil posible para ambas partes. Inmobiliaria en Palencia","robots":{"index":"index","follow":"follow","max-snippet":"max-snippet:-1","max-image-preview":"max-image-preview:large","max-video-preview":"max-video-preview:-1"},"canonical":"https:\/\/inmobiliariadelarua.com\/en\/alquiler\/","og_locale":"en_GB","og_type":"article","og_title":"Alquiler - Inmobiliaria de la Rua","og_description":"Nos encargamos de todos los aspectos necesarios para que la compraventa de tu propiedad sea un \u00e9xito. Nuestro compromiso va m\u00e1s all\u00e1 de simplemente intermediar; tambi\u00e9n nos ocupamos de las tramitaciones legales y comerciales, agilizando todos los tr\u00e1mites para hacer el proceso lo m\u00e1s f\u00e1cil posible para ambas partes. Inmobiliaria en Palencia","og_url":"https:\/\/inmobiliariadelarua.com\/en\/alquiler\/","og_site_name":"Inmobiliaria de la Rua","article_modified_time":"2024-09-30T22:53:53+00:00","twitter_card":"summary_large_image","twitter_misc":{"Estimated reading time":"1 minute"},"schema":{"@context":"https:\/\/schema.org","@graph":[{"@type":"WebPage","@id":"https:\/\/inmobiliariadelarua.com\/alquiler\/","url":"https:\/\/inmobiliariadelarua.com\/alquiler\/","name":"Alquiler - Inmobiliaria de la Rua","isPartOf":{"@id":"https:\/\/inmobiliariadelarua.com\/#website"},"datePublished":"2023-10-31T18:10:44+00:00","dateModified":"2024-09-30T22:53:53+00:00","description":"Nos encargamos de todos los aspectos necesarios para que la compraventa de tu propiedad sea un \u00e9xito. Nuestro compromiso va m\u00e1s all\u00e1 de simplemente intermediar; tambi\u00e9n nos ocupamos de las tramitaciones legales y comerciales, agilizando todos los tr\u00e1mites para hacer el proceso lo m\u00e1s f\u00e1cil posible para ambas partes. Inmobiliaria en Palencia","breadcrumb":{"@id":"https:\/\/inmobiliariadelarua.com\/alquiler\/#breadcrumb"},"inLanguage":"en-GB","potentialAction":[{"@type":"ReadAction","target":["https:\/\/inmobiliariadelarua.com\/alquiler\/"]}]},{"@type":"BreadcrumbList","@id":"https:\/\/inmobiliariadelarua.com\/alquiler\/#breadcrumb","itemListElement":[{"@type":"ListItem","position":1,"name":"Portada","item":"https:\/\/inmobiliariadelarua.com\/"},{"@type":"ListItem","position":2,"name":"Alquiler"}]},{"@type":"WebSite","@id":"https:\/\/inmobiliariadelarua.com\/#website","url":"https:\/\/inmobiliariadelarua.com\/","name":"Inmobiliaria de la Rua","description":"Real estate management","publisher":{"@id":"https:\/\/inmobiliariadelarua.com\/#organization"},"potentialAction":[{"@type":"SearchAction","target":{"@type":"EntryPoint","urlTemplate":"https:\/\/inmobiliariadelarua.com\/?s={search_term_string}"},"query-input":{"@type":"PropertyValueSpecification","valueRequired":true,"valueName":"search_term_string"}}],"inLanguage":"en-GB"},{"@type":"Organization","@id":"https:\/\/inmobiliariadelarua.com\/#organization","name":"Inmobiliaria de la Rua","url":"https:\/\/inmobiliariadelarua.com\/","logo":{"@type":"ImageObject","inLanguage":"en-GB","@id":"https:\/\/inmobiliariadelarua.com\/#\/schema\/logo\/image\/","url":"https:\/\/inmobiliariadelarua.com\/wp-content\/uploads\/2023\/10\/cropped-logo_512x512_sin-fondo.png","contentUrl":"https:\/\/inmobiliariadelarua.com\/wp-content\/uploads\/2023\/10\/cropped-logo_512x512_sin-fondo.png","width":512,"height":512,"caption":"Inmobiliaria de la Rua"},"image":{"@id":"https:\/\/inmobiliariadelarua.com\/#\/schema\/logo\/image\/"}}]}},"_links":{"self":[{"href":"https:\/\/inmobiliariadelarua.com\/en\/wp-json\/wp\/v2\/pages\/435","targetHints":{"allow":["GET"]}}],"collection":[{"href":"https:\/\/inmobiliariadelarua.com\/en\/wp-json\/wp\/v2\/pages"}],"about":[{"href":"https:\/\/inmobiliariadelarua.com\/en\/wp-json\/wp\/v2\/types\/page"}],"author":[{"embeddable":true,"href":"https:\/\/inmobiliariadelarua.com\/en\/wp-json\/wp\/v2\/users\/1"}],"replies":[{"embeddable":true,"href":"https:\/\/inmobiliariadelarua.com\/en\/wp-json\/wp\/v2\/comments?post=435"}],"version-history":[{"count":2,"href":"https:\/\/inmobiliariadelarua.com\/en\/wp-json\/wp\/v2\/pages\/435\/revisions"}],"predecessor-version":[{"id":682,"href":"https:\/\/inmobiliariadelarua.com\/en\/wp-json\/wp\/v2\/pages\/435\/revisions\/682"}],"wp:attachment":[{"href":"https:\/\/inmobiliariadelarua.com\/en\/wp-json\/wp\/v2\/media?parent=435"}],"curies":[{"name":"wp","href":"https:\/\/api.w.org\/{rel}","templated":true}]}}

<div data-elementor-type="wp-page" data-elementor-id="435" class="elementor elementor-435" data-elementor-post-type="page">
				<div class="elementor-element elementor-element-1d9085d e-flex e-con-boxed e-con e-parent" data-id="1d9085d" data-element_type="container">
					<div class="e-con-inner">
				<div class="elementor-element elementor-element-381207e elementor-widget elementor-widget-text-editor" data-id="381207e" data-element_type="widget" data-widget_type="text-editor.default">
				<div class="elementor-widget-container">
									<p>    <form class="idealista-search" method="get" action="https://inmobiliariadelarua.com/en/alquiler/" data-trp-original-action="https://inmobiliariadelarua.com/en/alquiler/">
        <div class="idealista-search-grid">
            <div>
                <label>Zona</label>
                <input type="text" name="zona" value="" placeholder="Ej: El Cristo, Tejera, Palencia...">
            </div>
            <div>
                <label>Precio mín.</label>
                <input type="number" name="pmin" value="" placeholder="0">
            </div>
            <div>
                <label>Precio máx.</label>
                <input type="number" name="pmax" value="" placeholder="1500">
            </div>
            <div>
                <label>Habitaciones (mín.)</label>
                <input type="number" name="hab" value="" placeholder="1">
            </div>

            <div class="idealista-search-actions">
                <button type="submit">Buscar</button>
                <a class="idealista-search-reset" href="https://inmobiliariadelarua.com/en/alquiler/">Limpiar</a>
            </div>
        </div>
    <input type="hidden" name="trp-form-language" value="en"/></form>
    </p>								</div>
				</div>
					</div>
				</div>
		<div class="elementor-element elementor-element-79ca712 e-flex e-con-boxed e-con e-parent" data-id="79ca712" data-element_type="container">
					<div class="e-con-inner">
				<div class="elementor-element elementor-element-517874e elementor-widget elementor-widget-text-editor" data-id="517874e" data-element_type="widget" data-widget_type="text-editor.default">
				<div class="elementor-widget-container">
									<p><p>No se pudo cargar el XML de Idealista.</p></p>								</div>
				</div>
					</div>
				</div>
				</div>

<!-- This site is optimized with the Yoast SEO plugin v27.5 - https://yoast.com/product/yoast-seo-wordpress/ -->
<title>Alquiler - Inmobiliaria de la Rua</title>
<meta name="description" content="Nos encargamos de todos los aspectos necesarios para que la compraventa de tu propiedad sea un éxito. Nuestro compromiso va más allá de simplemente intermediar; también nos ocupamos de las tramitaciones legales y comerciales, agilizando todos los trámites para hacer el proceso lo más fácil posible para ambas partes. Inmobiliaria en Palencia" />
<meta name="robots" content="index, follow, max-snippet:-1, max-image-preview:large, max-video-preview:-1" />
<link rel="canonical" href="https://inmobiliariadelarua.com/en/alquiler/" />
<meta property="og:locale" content="en_GB" />
<meta property="og:type" content="article" />
<meta property="og:title" content="Alquiler - Inmobiliaria de la Rua" />
<meta property="og:description" content="Nos encargamos de todos los aspectos necesarios para que la compraventa de tu propiedad sea un éxito. Nuestro compromiso va más allá de simplemente intermediar; también nos ocupamos de las tramitaciones legales y comerciales, agilizando todos los trámites para hacer el proceso lo más fácil posible para ambas partes. Inmobiliaria en Palencia" />
<meta property="og:url" content="https://inmobiliariadelarua.com/en/alquiler/" />
<meta property="og:site_name" content="Inmobiliaria de la Rua" />
<meta property="article:modified_time" content="2024-09-30T22:53:53+00:00" />
<meta name="twitter:card" content="summary_large_image" />
<meta name="twitter:label1" content="Estimated reading time" />
	<meta name="twitter:data1" content="1 minute" />
<script type="application/ld+json" class="yoast-schema-graph">{"@context":"https:\/\/schema.org","@graph":[{"@type":"WebPage","@id":"https:\/\/inmobiliariadelarua.com\/alquiler\/","url":"https:\/\/inmobiliariadelarua.com\/alquiler\/","name":"Alquiler - Inmobiliaria de la Rua","isPartOf":{"@id":"https:\/\/inmobiliariadelarua.com\/#website"},"datePublished":"2023-10-31T18:10:44+00:00","dateModified":"2024-09-30T22:53:53+00:00","description":"Nos encargamos de todos los aspectos necesarios para que la compraventa de tu propiedad sea un éxito. Nuestro compromiso va más allá de simplemente intermediar; también nos ocupamos de las tramitaciones legales y comerciales, agilizando todos los trámites para hacer el proceso lo más fácil posible para ambas partes. Inmobiliaria en Palencia","breadcrumb":{"@id":"https:\/\/inmobiliariadelarua.com\/alquiler\/#breadcrumb"},"inLanguage":"en-GB","potentialAction":[{"@type":"ReadAction","target":["https:\/\/inmobiliariadelarua.com\/alquiler\/"]}]},{"@type":"BreadcrumbList","@id":"https:\/\/inmobiliariadelarua.com\/alquiler\/#breadcrumb","itemListElement":[{"@type":"ListItem","position":1,"name":"Portada","item":"https:\/\/inmobiliariadelarua.com\/"},{"@type":"ListItem","position":2,"name":"Alquiler"}]},{"@type":"WebSite","@id":"https:\/\/inmobiliariadelarua.com\/#website","url":"https:\/\/inmobiliariadelarua.com\/","name":"Inmobiliaria de la Rua","description":"Gestión Inmobiliaria","publisher":{"@id":"https:\/\/inmobiliariadelarua.com\/#organization"},"potentialAction":[{"@type":"SearchAction","target":{"@type":"EntryPoint","urlTemplate":"https:\/\/inmobiliariadelarua.com\/?s={search_term_string}"},"query-input":{"@type":"PropertyValueSpecification","valueRequired":true,"valueName":"search_term_string"}}],"inLanguage":"en-GB"},{"@type":"Organization","@id":"https:\/\/inmobiliariadelarua.com\/#organization","name":"Inmobiliaria de la Rua","url":"https:\/\/inmobiliariadelarua.com\/","logo":{"@type":"ImageObject","inLanguage":"en-GB","@id":"https:\/\/inmobiliariadelarua.com\/#\/schema\/logo\/image\/","url":"https:\/\/inmobiliariadelarua.com\/wp-content\/uploads\/2023\/10\/cropped-logo_512x512_sin-fondo.png","contentUrl":"https:\/\/inmobiliariadelarua.com\/wp-content\/uploads\/2023\/10\/cropped-logo_512x512_sin-fondo.png","width":512,"height":512,"caption":"Inmobiliaria de la Rua"},"image":{"@id":"https:\/\/inmobiliariadelarua.com\/#\/schema\/logo\/image\/"}}]}</script>
<!-- / Yoast SEO plugin. -->

Nos encargamos de todos los aspectos necesarios para que la compraventa de tu propiedad sea un éxito. Nuestro compromiso va más allá de simplemente intermediar; también nos ocupamos de las tramitaciones legales y comerciales, agilizando todos los trámites para hacer el proceso lo más fácil posible para ambas partes. Inmobiliaria en Palencia
